{"id":57,"date":"2012-05-22T08:21:02","date_gmt":"2012-05-22T08:21:02","guid":{"rendered":"https:\/\/www.redbug-culture.com\/blog\/?page_id=57"},"modified":"2025-01-02T15:36:14","modified_gmt":"2025-01-02T14:36:14","slug":"e-reader","status":"publish","type":"page","link":"https:\/\/www.redbug-culture.com\/blog\/e-reading\/e-reader\/","title":{"rendered":"E-Reader"},"content":{"rendered":"<h6>E-Reader<\/h6>\n<p>Es gibt mittlerweile viele E-Reader und st\u00e4ndig kommen neue und bessere Modelle hinzu. Ja, das eBook lesen wird langsam eine ganz normale Sache, daher wollen wir dir hier ein paar Hinweise f\u00fcr die Reise durch den Dschungel der Ger\u00e4tevielfalt geben. Sidekick: Ein paar Tipps f\u00fcr den <a href=\"http:\/\/dearauthor.com\/ebooks\/dear-jane-ebooks\/10-tips-for-your-new-ebook-reader\/\">Umgang<\/a>\u00a0mit einem E-Reader (in Englisch). F\u00fcr die Pragmatischen unter euch, die sich schon gut auskennen: Bei\u00a0<a href=\"http:\/\/allesebook.de\/e-book-reader\/stiftung-warentest-aktuelle-ebook-reader-gut-bis-sehr-gut-60459\/\">allesebook.de<\/a> findest Du alles zu E-Books, Readern und Tablets und es gibt eine \u00dcbersicht zu den Ergebnissen der Stiftung Warentest.<\/p>\n<h6>Etwas \u00fcber Formate<\/h6>\n<p>Am Anfang sollest Du eine Sache verstehen: Es gibt zwei Formate f\u00fcr eBooks: epub und mobi. (Tobi verschwindet gerade) Nun, genau genommen ist eine mobi auch eine epub, aber sagen wir es einmal so: Amazon hat sein eigenes Format &#8211; mobi. Nur mal so und bevor Du dich entscheidet: Nat\u00fcrlich kannst Du das eBook-Formate auch umwandeln und jeder Shop hat mittlerweile eine App, also lass das Format nicht das einzige Kriterium sein. Und wenn Du dir das Programm <a href=\"http:\/\/calibre-ebook.com\/download\">Calibre <\/a>umsonst runterladest, dann kannst Du dort alles in jede Richtung umwandeln und jeden Text f\u00fcr jeden Reader &#8222;zuschneiden&#8220;. Trotzdem &#8211; wenn Du dir einen Reader suchst, solltest Du dich erst einmal fragen, auf welche E-Book Bibliothek Du am liebsten zugreifen m\u00f6chtest.<\/p>\n<h6>Und Orte<\/h6>\n<p>Ist das <a href=\"http:\/\/www.amazon.de\">Amazon<\/a>, dann ist mobi das Format und der Reader am besten ein Kindle. Amazon dominiert derzeit den Markt und hat die gr\u00f6\u00dfte eBook-Bibliothek. Au\u00dferdem hast Du, wenn Du <a href=\"http:\/\/www.amazon.de\/gp\/feature.html?docId=1002872331\">Kindle Unlimited<\/a> absonnierst, die M\u00f6glichkeit, \u00fcber 4 Millionen eBooks bei Amazon f\u00fcr 11,75 mtl. zu leihen. Wenn Du lieber und oft auf die <a href=\"http:\/\/www.apple.com\/de\/itunes\/\">iTunes Bibliothek<\/a> zugreifen m\u00f6chtest, bist Du mit einem iPad am besten bedient. Und wenn Du \u00a0dich am liebsten \u00fcber die <a href=\"http:\/\/mytolino.de\/shops\/\">Plattform-Allianz von Thalia\/Weltbild\/Huggendubel und meine Buchhandlung\/my bookshop<\/a> mit B\u00fcchern versorgst, f\u00e4hrst Du am besten mit einem <a href=\"http:\/\/www.thalia.de\/shop\/tolino\/show\/;jsessionid=450D463BB9E17EC0A08A8C6F7E5221FE.tc4pc\">Tolino-Leseger\u00e4t<\/a>. Also eigentlich ganz einfach, oder?<\/p>\n<p>Hier das alles nun noch mal im Detail und gew\u00fcrzt mit unseren Erfahrungen.<\/p>\n<h6><strong>Das Elegante<\/strong><\/h6>\n<p>Wir\u00a0lieben unser<a href=\"https:\/\/www.apple.com\/de\/ipad\/?afid=p238%7CstTK6kRRX-dc_mtid_187079nc38483_pcrid_702203943036_pgrid_15885416119_pntwk_g_pchan__pexid__ptid_kwd-2087967899650_&amp;cid=aos-de-kwgo-ipad--slid--category-product-\"> iPad<img loading=\"lazy\" decoding=\"async\" style=\"border: none !important; margin: 0px !important;\" src=\"http:\/\/ir-de.amazon-adsystem.com\/e\/ir?t=redbugculture-21&amp;l=as2&amp;o=3&amp;a=B0035WT8QC\" alt=\"\" width=\"1\" height=\"1\" border=\"0\" \/>.<\/a> Es hat so viele Vorteile: ein wunderbares Format, um Graphic Novels und Comics anzusehen, die M\u00f6glichkeiten, sofort, wie auf einem Computer beim Lesen im Netz zu recherchieren, Mails abzurufen und die Apps zu wechseln, zu bloggen, kurz alle Vorteile eines Computers mit einem Leseger\u00e4t zu verbinden. Du kannst die H\u00f6rbuchfunktionen aktivieren und tats\u00e4chlich sowohl die B\u00fccher aus dem iBook Store, als auch mit der <a href=\"http:\/\/www.amazon.de\/gp\/product\/B004DLPXAO\/ref=as_li_tl?ie=UTF8&amp;camp=1638&amp;creative=6742&amp;creativeASIN=B004DLPXAO&amp;linkCode=as2&amp;tag=redbugculture-21\" rel=\"nofollow\">Kindle App<\/a><img loading=\"lazy\" decoding=\"async\" style=\"border: none !important; margin: 0px !important;\" src=\"http:\/\/ir-de.amazon-adsystem.com\/e\/ir?t=redbugculture-21&amp;l=as2&amp;o=3&amp;a=B004DLPXAO\" alt=\"\" width=\"1\" height=\"1\" border=\"0\" \/> f\u00fcr das iPad die Amazon-B\u00fccher darauf lesen. Zugegeben, es hat auch einen Nachteil, wenn es um das Lesen von B\u00fcchern geht: Sonne. Sonne sollte nie ein Nachteil sein. Daher sagen wir mal &#8211; f\u00fcr die Nachteulen unter euch ist das ipad ganz ideal. Mittlerweile gibt es das ipad in verschiedensten <a href=\"http:\/\/www.apple.com\/de\/ipad\/compare\/\">Formaten.<\/a> Nicht ganz billig, aber f\u00fcr Apple-Fans <em>das<\/em> Leseger\u00e4t.<\/p>\n<h6><strong>Der Reale<\/strong><\/h6>\n<p>Der Basic von Amazon. Der <a href=\"https:\/\/www.amazon.de\/Kindle-eReader\/b\/?ie=UTF8&amp;node=5157844031&amp;ref_=sv_ref_7\">Kindle<\/a> ist das Leseger\u00e4t von Amazon &#8211; den Kindle gibt es mittlerweile in etlichen Formaten &#8211; auch mit real-ink Technik und die ist einfach genial. Du liest wie in einem Buch, bei Tag, bei Sonnenschein, egal. Der Kindle hat einen wireless Zugang zu eurem Computer und deinem Amazon-Account und dort werden deine eingekauften B\u00fccher verwaltet und von dort kannst Du sie abrufen oder weiter verschenken. Wirklich easy.<\/p>\n<h6><strong>Der Lese-Liebling<\/strong><\/h6>\n<p>Nat\u00fcrlich hat Amazon nicht nur ein Modell und hier kommt er, <a href=\"https:\/\/www.amazon.de\/dp\/B0CFPXBJ9Y?ref=einkcatpage_fam_sa\">der Kindle Paperwhite.<\/a> unser Leseliebling. Ein Modelle mit integrierter Beleuchtung. Abends im Bett neben dem Parnter lesen, Licht ist aus, es geht!<\/p>\n<p>Der E-Lesekomfort schreitet voran, immer mehr GB f\u00fcr B\u00fccher auf den Readern, immer mehr M\u00f6glichkeiten, immer weniger Gewicht. Du hast die Wahl.<\/p>\n<h6><strong>Der Preisbrecher<\/strong><\/h6>\n<p>Mit 69,00 Euro war der Tolino-PageReader einmal \u00a0der Preisbrecher. Nun geht es derzeit bei 119 Euro los. \u00a0Aber &#8211; immer noch konkurrenzf\u00e4hig. Dazu kommt die Kooperation mit der Telekom und der Zugang zur Telekom-B\u00fccher-Cloud. Nachteil: Kein mobi und da Amazon derzeit den Markt dominiert und die gr\u00f6\u00dfte Bibliothek hat, muss man sich aufs Umformatieren einstellen, wenn man ein Selfpublisher-Freund ist. Auch hier gibt es Ger\u00e4te-Auswahl:<\/p>\n<p><a href=\"http:\/\/www.thalia.de\/shop\/ebook-reader-vergleich\/show\/?hkkat=special1&amp;flyout=b_tolino%2520Ger%25C3%25A4te%2520vergleichen\">Hier<\/a> kannst Du alle Ger\u00e4te nebeneinander vergleichen.<\/p>\n<h6><strong>Die Frechen<\/strong><\/h6>\n<p>An dieser Stelle m\u00fcssen wir dir gestehen, dass wir dir die Tablets unterschlagen haben, auf denen Du ebenso komfortabel wie auf dem iPad lesen kann und zus\u00e4tzlich surfen, das alles in stabiler Qualit\u00e4t und zu einem viel g\u00fcnstigeren Preis als ein iPad. Daf\u00fcr dann nat\u00fcrlich mit Android-Technik, Du wei\u00dft schon, weniger Apps, daf\u00fcr g\u00fcnstiger. Es gibt Tablets \u00a0von vielen Marken, aber wir stellen dir hier die g\u00e4ngigen Tablets von Amazon und Tolino vor, da sie perfekt mit den jeweiligen Bibliotheken harmonieren. Die Amazon Fire-Familie ist auch interessant mit immer mehr Modelle und &#8211; in Farbe. Als neusten Gag, gibt es nun Werbung auf dem Kindle Fire. Das kennst Du von Amazon Prime. Mit Werbung also g\u00fcnstiger als ohne.<\/p>\n<ul>\n<li><a href=\"https:\/\/www.amazon.de\/fire-7-tablet-7-zoll-display-16-gb-2022-dp-B099HC8X6H\/dp\/B099HC8X6H\/ref=dp_ob_title_def\">Kindle Fire Tablets<\/a><\/li>\n<\/ul>\n<div>\n<p>\u00a0Nat\u00fcrlich hat auch Tolino ein Tablet entwickelt. Es hei\u00dft <a href=\"https:\/\/www.thalia.de\/shop\/home\/artikeldetails\/A1070734291\">Tolino Vision Color<\/a> und und kostet derzeit 199 Euro.\u00a0\u00a0Online-Zugang und WiFi sorgen f\u00fcr eine schnelle und stabile Internetverbindung beim Surfen und Streamen (\u201eFilme im Internet\u201c). Ihr k\u00f6nnt also nicht nur in eurem WLAN-Netzwerk zu Hause jederzeit ins Internet gehen, sondern auch an unz\u00e4hligen kostenlosen Hotspots in ganz Deutschland.<\/p>\n<p>Wir hoffen, Du kannst dich entscheiden, denn E-Reading ist eine ganz eigene und tolle Erfahrung, finden wir.<\/p>\n<p>Kleines Extra: 8 g\u00e4ngige Vorurteile \u00fcber E-Reading findest Du <a href=\"http:\/\/www.lesen.net\/ebook-news\/8-populare-irrglauben-zum-e-reading-7098\/\">hier<\/a> widerlegt.<\/p>\n<\/div>\n","protected":false},"excerpt":{"rendered":"<p>E-Reader Es gibt mittlerweile viele E-Reader und st\u00e4ndig kommen neue und bessere Modelle hinzu. Ja, das eBook lesen wird langsam eine ganz normale Sache, daher wollen wir dir hier ein paar Hinweise f\u00fcr die Reise durch den Dschungel der Ger\u00e4tevielfalt geben. Sidekick: Ein paar Tipps f\u00fcr den Umgang\u00a0mit einem E-Reader (in Englisch). F\u00fcr die Pragmatischen unter euch, die sich schon gut auskennen: Bei\u00a0allesebook.de findest Du alles zu E-Books, Readern und Tablets und es gibt eine \u00dcbersicht zu den Ergebnissen der Stiftung Warentest. Etwas \u00fcber Formate Am Anfang sollest Du eine Sache verstehen: Es gibt zwei Formate f\u00fcr eBooks: epub und mobi. (Tobi verschwindet gerade) Nun, genau genommen ist eine mobi auch eine epub, aber sagen wir es einmal so: Amazon hat sein eigenes Format &#8211; mobi. Nur mal so und bevor Du dich entscheidet: Nat\u00fcrlich kannst Du das eBook-Formate auch umwandeln und jeder Shop hat mittlerweile eine App, also lass das Format nicht das einzige Kriterium sein. Und wenn Du dir das Programm Calibre umsonst runterladest, dann kannst Du dort alles in jede Richtung umwandeln und jeden Text f\u00fcr jeden Reader &#8222;zuschneiden&#8220;. Trotzdem &#8211; wenn Du dir einen Reader suchst, solltest Du dich erst einmal fragen, auf welche E-Book Bibliothek [&hellip;]<\/p>\n","protected":false},"author":5,"featured_media":4012,"parent":161,"menu_order":0,"comment_status":"open","ping_status":"open","template":"page-fullwidth.php","meta":{"footnotes":"","_links_to":"","_links_to_target":""},"class_list":["post-57","page","type-page","status-publish","has-post-thumbnail","hentry"],"yoast_head":"<!-- This site is optimized with the Yoast SEO plugin v27.3 - https:\/\/yoast.com\/product\/yoast-seo-wordpress\/ -->\n<title>E-Reader - Red Bug Culture - Schreiben, Ver\u00f6ffentlichen, Kurse<\/title>\n<meta name=\"description\" content=\"Wir geben Dir einen \u00dcberblick \u00fcber die E-Reader, die auf dem Markt sind und, was passt f\u00fcr dich und, na klar, sprechen Empfehlungen aus.\" \/>\n<meta name=\"robots\" content=\"index, follow, max-snippet:-1, max-image-preview:large, max-video-preview:-1\" \/>\n<link rel=\"canonical\" href=\"https:\/\/www.redbug-culture.com\/blog\/e-reading\/e-reader\/\" \/>\n<meta property=\"og:locale\" content=\"de_DE\" \/>\n<meta property=\"og:type\" content=\"article\" \/>\n<meta property=\"og:title\" content=\"E-Reader - Red Bug Culture - Schreiben, Ver\u00f6ffentlichen, Kurse\" \/>\n<meta property=\"og:description\" content=\"Wir geben Dir einen \u00dcberblick \u00fcber die E-Reader, die auf dem Markt sind und, was passt f\u00fcr dich und, na klar, sprechen Empfehlungen aus.\" \/>\n<meta property=\"og:url\" content=\"https:\/\/www.redbug-culture.com\/blog\/e-reading\/e-reader\/\" \/>\n<meta property=\"og:site_name\" content=\"Red Bug Culture - Schreiben, Ver\u00f6ffentlichen, Kurse\" \/>\n<meta property=\"article:publisher\" content=\"https:\/\/www.facebook.com\/RedBugBooks\" \/>\n<meta property=\"article:modified_time\" content=\"2025-01-02T14:36:14+00:00\" \/>\n<meta property=\"og:image\" content=\"https:\/\/www.redbug-culture.com\/blog\/wp-content\/uploads\/2015\/12\/Wie-lese-ich-mit-einem-E-Reader.jpg\" \/>\n\t<meta property=\"og:image:width\" content=\"1000\" \/>\n\t<meta property=\"og:image:height\" content=\"288\" \/>\n\t<meta property=\"og:image:type\" content=\"image\/jpeg\" \/>\n<meta name=\"twitter:card\" content=\"summary_large_image\" \/>\n<meta name=\"twitter:site\" content=\"@RedBugBooks\" \/>\n<meta name=\"twitter:label1\" content=\"Gesch\u00e4tzte Lesezeit\" \/>\n\t<meta name=\"twitter:data1\" content=\"6\u00a0Minuten\" \/>\n<script type=\"application\/ld+json\" class=\"yoast-schema-graph\">{\"@context\":\"https:\\\/\\\/schema.org\",\"@graph\":[{\"@type\":\"WebPage\",\"@id\":\"https:\\\/\\\/www.redbug-culture.com\\\/blog\\\/e-reading\\\/e-reader\\\/\",\"url\":\"https:\\\/\\\/www.redbug-culture.com\\\/blog\\\/e-reading\\\/e-reader\\\/\",\"name\":\"E-Reader - Red Bug Culture - Schreiben, Ver\u00f6ffentlichen, Kurse\",\"isPartOf\":{\"@id\":\"https:\\\/\\\/www.redbug-culture.com\\\/blog\\\/#website\"},\"primaryImageOfPage\":{\"@id\":\"https:\\\/\\\/www.redbug-culture.com\\\/blog\\\/e-reading\\\/e-reader\\\/#primaryimage\"},\"image\":{\"@id\":\"https:\\\/\\\/www.redbug-culture.com\\\/blog\\\/e-reading\\\/e-reader\\\/#primaryimage\"},\"thumbnailUrl\":\"https:\\\/\\\/www.redbug-culture.com\\\/blog\\\/wp-content\\\/uploads\\\/2015\\\/12\\\/Wie-lese-ich-mit-einem-E-Reader.jpg\",\"datePublished\":\"2012-05-22T08:21:02+00:00\",\"dateModified\":\"2025-01-02T14:36:14+00:00\",\"description\":\"Wir geben Dir einen \u00dcberblick \u00fcber die E-Reader, die auf dem Markt sind und, was passt f\u00fcr dich und, na klar, sprechen Empfehlungen aus.\",\"breadcrumb\":{\"@id\":\"https:\\\/\\\/www.redbug-culture.com\\\/blog\\\/e-reading\\\/e-reader\\\/#breadcrumb\"},\"inLanguage\":\"de\",\"potentialAction\":[{\"@type\":\"ReadAction\",\"target\":[\"https:\\\/\\\/www.redbug-culture.com\\\/blog\\\/e-reading\\\/e-reader\\\/\"]}]},{\"@type\":\"ImageObject\",\"inLanguage\":\"de\",\"@id\":\"https:\\\/\\\/www.redbug-culture.com\\\/blog\\\/e-reading\\\/e-reader\\\/#primaryimage\",\"url\":\"https:\\\/\\\/www.redbug-culture.com\\\/blog\\\/wp-content\\\/uploads\\\/2015\\\/12\\\/Wie-lese-ich-mit-einem-E-Reader.jpg\",\"contentUrl\":\"https:\\\/\\\/www.redbug-culture.com\\\/blog\\\/wp-content\\\/uploads\\\/2015\\\/12\\\/Wie-lese-ich-mit-einem-E-Reader.jpg\",\"width\":1000,\"height\":288},{\"@type\":\"BreadcrumbList\",\"@id\":\"https:\\\/\\\/www.redbug-culture.com\\\/blog\\\/e-reading\\\/e-reader\\\/#breadcrumb\",\"itemListElement\":[{\"@type\":\"ListItem\",\"position\":1,\"name\":\"Startseite\",\"item\":\"https:\\\/\\\/www.redbug-culture.com\\\/blog\\\/\"},{\"@type\":\"ListItem\",\"position\":2,\"name\":\"E-Reading\",\"item\":\"https:\\\/\\\/www.redbug-culture.com\\\/blog\\\/e-reading\\\/\"},{\"@type\":\"ListItem\",\"position\":3,\"name\":\"E-Reader\"}]},{\"@type\":\"WebSite\",\"@id\":\"https:\\\/\\\/www.redbug-culture.com\\\/blog\\\/#website\",\"url\":\"https:\\\/\\\/www.redbug-culture.com\\\/blog\\\/\",\"name\":\"Red Bug Culture - Schreiben, Ver\u00f6ffentlichen, Kurse\",\"description\":\"Tipps &amp; Coaching f\u00fcr Autor:innen, Rezensionen\",\"potentialAction\":[{\"@type\":\"SearchAction\",\"target\":{\"@type\":\"EntryPoint\",\"urlTemplate\":\"https:\\\/\\\/www.redbug-culture.com\\\/blog\\\/?s={search_term_string}\"},\"query-input\":{\"@type\":\"PropertyValueSpecification\",\"valueRequired\":true,\"valueName\":\"search_term_string\"}}],\"inLanguage\":\"de\"}]}<\/script>\n<!-- \/ Yoast SEO plugin. -->","yoast_head_json":{"title":"E-Reader - Red Bug Culture - Schreiben, Ver\u00f6ffentlichen, Kurse","description":"Wir geben Dir einen \u00dcberblick \u00fcber die E-Reader, die auf dem Markt sind und, was passt f\u00fcr dich und, na klar, sprechen Empfehlungen aus.","robots":{"index":"index","follow":"follow","max-snippet":"max-snippet:-1","max-image-preview":"max-image-preview:large","max-video-preview":"max-video-preview:-1"},"canonical":"https:\/\/www.redbug-culture.com\/blog\/e-reading\/e-reader\/","og_locale":"de_DE","og_type":"article","og_title":"E-Reader - Red Bug Culture - Schreiben, Ver\u00f6ffentlichen, Kurse","og_description":"Wir geben Dir einen \u00dcberblick \u00fcber die E-Reader, die auf dem Markt sind und, was passt f\u00fcr dich und, na klar, sprechen Empfehlungen aus.","og_url":"https:\/\/www.redbug-culture.com\/blog\/e-reading\/e-reader\/","og_site_name":"Red Bug Culture - Schreiben, Ver\u00f6ffentlichen, Kurse","article_publisher":"https:\/\/www.facebook.com\/RedBugBooks","article_modified_time":"2025-01-02T14:36:14+00:00","og_image":[{"width":1000,"height":288,"url":"https:\/\/www.redbug-culture.com\/blog\/wp-content\/uploads\/2015\/12\/Wie-lese-ich-mit-einem-E-Reader.jpg","type":"image\/jpeg"}],"twitter_card":"summary_large_image","twitter_site":"@RedBugBooks","twitter_misc":{"Gesch\u00e4tzte Lesezeit":"6\u00a0Minuten"},"schema":{"@context":"https:\/\/schema.org","@graph":[{"@type":"WebPage","@id":"https:\/\/www.redbug-culture.com\/blog\/e-reading\/e-reader\/","url":"https:\/\/www.redbug-culture.com\/blog\/e-reading\/e-reader\/","name":"E-Reader - Red Bug Culture - Schreiben, Ver\u00f6ffentlichen, Kurse","isPartOf":{"@id":"https:\/\/www.redbug-culture.com\/blog\/#website"},"primaryImageOfPage":{"@id":"https:\/\/www.redbug-culture.com\/blog\/e-reading\/e-reader\/#primaryimage"},"image":{"@id":"https:\/\/www.redbug-culture.com\/blog\/e-reading\/e-reader\/#primaryimage"},"thumbnailUrl":"https:\/\/www.redbug-culture.com\/blog\/wp-content\/uploads\/2015\/12\/Wie-lese-ich-mit-einem-E-Reader.jpg","datePublished":"2012-05-22T08:21:02+00:00","dateModified":"2025-01-02T14:36:14+00:00","description":"Wir geben Dir einen \u00dcberblick \u00fcber die E-Reader, die auf dem Markt sind und, was passt f\u00fcr dich und, na klar, sprechen Empfehlungen aus.","breadcrumb":{"@id":"https:\/\/www.redbug-culture.com\/blog\/e-reading\/e-reader\/#breadcrumb"},"inLanguage":"de","potentialAction":[{"@type":"ReadAction","target":["https:\/\/www.redbug-culture.com\/blog\/e-reading\/e-reader\/"]}]},{"@type":"ImageObject","inLanguage":"de","@id":"https:\/\/www.redbug-culture.com\/blog\/e-reading\/e-reader\/#primaryimage","url":"https:\/\/www.redbug-culture.com\/blog\/wp-content\/uploads\/2015\/12\/Wie-lese-ich-mit-einem-E-Reader.jpg","contentUrl":"https:\/\/www.redbug-culture.com\/blog\/wp-content\/uploads\/2015\/12\/Wie-lese-ich-mit-einem-E-Reader.jpg","width":1000,"height":288},{"@type":"BreadcrumbList","@id":"https:\/\/www.redbug-culture.com\/blog\/e-reading\/e-reader\/#breadcrumb","itemListElement":[{"@type":"ListItem","position":1,"name":"Startseite","item":"https:\/\/www.redbug-culture.com\/blog\/"},{"@type":"ListItem","position":2,"name":"E-Reading","item":"https:\/\/www.redbug-culture.com\/blog\/e-reading\/"},{"@type":"ListItem","position":3,"name":"E-Reader"}]},{"@type":"WebSite","@id":"https:\/\/www.redbug-culture.com\/blog\/#website","url":"https:\/\/www.redbug-culture.com\/blog\/","name":"Red Bug Culture - Schreiben, Ver\u00f6ffentlichen, Kurse","description":"Tipps &amp; Coaching f\u00fcr Autor:innen, Rezensionen","potentialAction":[{"@type":"SearchAction","target":{"@type":"EntryPoint","urlTemplate":"https:\/\/www.redbug-culture.com\/blog\/?s={search_term_string}"},"query-input":{"@type":"PropertyValueSpecification","valueRequired":true,"valueName":"search_term_string"}}],"inLanguage":"de"}]}},"_links":{"self":[{"href":"https:\/\/www.redbug-culture.com\/blog\/wp-json\/wp\/v2\/pages\/57","targetHints":{"allow":["GET"]}}],"collection":[{"href":"https:\/\/www.redbug-culture.com\/blog\/wp-json\/wp\/v2\/pages"}],"about":[{"href":"https:\/\/www.redbug-culture.com\/blog\/wp-json\/wp\/v2\/types\/page"}],"author":[{"embeddable":true,"href":"https:\/\/www.redbug-culture.com\/blog\/wp-json\/wp\/v2\/users\/5"}],"replies":[{"embeddable":true,"href":"https:\/\/www.redbug-culture.com\/blog\/wp-json\/wp\/v2\/comments?post=57"}],"version-history":[{"count":0,"href":"https:\/\/www.redbug-culture.com\/blog\/wp-json\/wp\/v2\/pages\/57\/revisions"}],"up":[{"embeddable":true,"href":"https:\/\/www.redbug-culture.com\/blog\/wp-json\/wp\/v2\/pages\/161"}],"wp:featuredmedia":[{"embeddable":true,"href":"https:\/\/www.redbug-culture.com\/blog\/wp-json\/wp\/v2\/media\/4012"}],"wp:attachment":[{"href":"https:\/\/www.redbug-culture.com\/blog\/wp-json\/wp\/v2\/media?parent=57"}],"curies":[{"name":"wp","href":"https:\/\/api.w.org\/{rel}","templated":true}]}}