{"id":3550,"date":"2015-09-17T21:28:51","date_gmt":"2015-09-17T19:28:51","guid":{"rendered":"https:\/\/www.redbug-culture.com\/blog\/?page_id=3550"},"modified":"2024-12-28T15:43:11","modified_gmt":"2024-12-28T14:43:11","slug":"das-redbug-books-team","status":"publish","type":"page","link":"https:\/\/www.redbug-culture.com\/blog\/das-redbug-books-team\/","title":{"rendered":"Das Team"},"content":{"rendered":"<h6>Unser Team<\/h6>\n<p>&#8230; ist klein, st\u00e4ndig in Bewegung, aber jederzeit zu erreichen. Wenn du Fragen zu unserem Blog oder eine der Kategorien hast, dann <a href=\"mailto:mail@redbug-books.com@email.de\">maile<\/a> uns gerne.<\/p>\n<p>&nbsp;<\/p>\n<p><a href=\"https:\/\/www.redbug-culture.com\/blog\/das-redbug-books-team\/uwe_rund-2\/\" rel=\"attachment wp-att-22936\"><img loading=\"lazy\" decoding=\"async\" class=\"wp-image-22936 size-thumbnail alignleft\" src=\"https:\/\/www.redbug-culture.com\/blog\/wp-content\/uploads\/2021\/05\/Uwe_rund-2-150x150.png\" alt=\"Uwe Carow Bildhauer, Autor\" width=\"150\" height=\"150\" srcset=\"https:\/\/www.redbug-culture.com\/blog\/wp-content\/uploads\/2021\/05\/Uwe_rund-2-150x150.png 150w, https:\/\/www.redbug-culture.com\/blog\/wp-content\/uploads\/2021\/05\/Uwe_rund-2-300x300.png 300w, https:\/\/www.redbug-culture.com\/blog\/wp-content\/uploads\/2021\/05\/Uwe_rund-2.png 353w\" sizes=\"auto, (max-width: 150px) 100vw, 150px\" \/><\/a><br \/>\n<strong>Uwe &#8211; Bildhauer, Autor<\/strong><\/p>\n<p>K\u00fcnstler, Epub &amp; Website-Experte, Bildhauer, preisgekr\u00f6nter Lyriker, Graphic-Novelist. <a href=\"https:\/\/uwecarow.de\">K\u00fcnstler- und Autorenwebsite.<\/a><\/p>\n<p><a href=\"mailto:mail@redbug-books.com\"><img loading=\"lazy\" decoding=\"async\" class=\"alignnone wp-image-3554\" src=\"https:\/\/www.redbug-culture.com\/blog\/wp-content\/uploads\/2015\/09\/icon_mail.png\" alt=\"icon_mail\" width=\"40\" height=\"40\" srcset=\"https:\/\/www.redbug-culture.com\/blog\/wp-content\/uploads\/2015\/09\/icon_mail.png 224w, https:\/\/www.redbug-culture.com\/blog\/wp-content\/uploads\/2015\/09\/icon_mail-150x150.png 150w\" sizes=\"auto, (max-width: 40px) 100vw, 40px\" \/><\/a><\/p>\n<p>&nbsp;<\/p>\n<p>&nbsp;<\/p>\n<p><a href=\"https:\/\/www.redbug-culture.com\/blog\/das-redbug-books-team\/ch_-avatar-2a\/\" rel=\"attachment wp-att-22935\"><img loading=\"lazy\" decoding=\"async\" class=\"alignleft wp-image-22935 size-thumbnail\" title=\"Katrin BOngard K\u00fcnstlerin Autorin\" src=\"https:\/\/www.redbug-culture.com\/blog\/wp-content\/uploads\/2021\/05\/CH_-Avatar-2a-150x150.png\" alt=\"Katrin Bongard K\u00fcnstlerin, Autorin\" width=\"150\" height=\"150\" srcset=\"https:\/\/www.redbug-culture.com\/blog\/wp-content\/uploads\/2021\/05\/CH_-Avatar-2a-150x150.png 150w, https:\/\/www.redbug-culture.com\/blog\/wp-content\/uploads\/2021\/05\/CH_-Avatar-2a-300x300.png 300w, https:\/\/www.redbug-culture.com\/blog\/wp-content\/uploads\/2021\/05\/CH_-Avatar-2a.png 353w\" sizes=\"auto, (max-width: 150px) 100vw, 150px\" \/><\/a><br \/>\n<strong>Katrin &#8211; K\u00fcnstlerin, Autorin<\/strong><\/p>\n<p>K\u00fcnstlerin, Schriftstellerin, Bloggerin, Cover-Expertin, Social-Media-Fan. Websites:Als <a href=\"https:\/\/www.katrinbongard.com\">Autorin<\/a>. Als <a href=\"https:\/\/katrinbongard.de\">K\u00fcnstlerin.<\/a><\/p>\n<p><a href=\"mailto:mail@katrinbongard.de\"><img loading=\"lazy\" decoding=\"async\" class=\"alignnone wp-image-3554\" src=\"https:\/\/www.redbug-culture.com\/blog\/wp-content\/uploads\/2015\/09\/icon_mail.png\" alt=\"icon_mail\" width=\"40\" height=\"40\" srcset=\"https:\/\/www.redbug-culture.com\/blog\/wp-content\/uploads\/2015\/09\/icon_mail.png 224w, https:\/\/www.redbug-culture.com\/blog\/wp-content\/uploads\/2015\/09\/icon_mail-150x150.png 150w\" sizes=\"auto, (max-width: 40px) 100vw, 40px\" \/><\/a><\/p>\n<p>&nbsp;<\/p>\n<p>&nbsp;<\/p>\n<p><strong><a href=\"https:\/\/www.redbug-culture.com\/blog\/wp-content\/uploads\/2015\/07\/Avatare_RBhome_Isa.png\"><img loading=\"lazy\" decoding=\"async\" class=\" wp-image-3326 alignleft\" src=\"https:\/\/www.redbug-culture.com\/blog\/wp-content\/uploads\/2015\/07\/Avatare_RBhome_Isa-300x300.png\" alt=\"Avatare_RBhome_Isa\" width=\"157\" height=\"157\" srcset=\"https:\/\/www.redbug-culture.com\/blog\/wp-content\/uploads\/2015\/07\/Avatare_RBhome_Isa-300x300.png 300w, https:\/\/www.redbug-culture.com\/blog\/wp-content\/uploads\/2015\/07\/Avatare_RBhome_Isa-150x150.png 150w, https:\/\/www.redbug-culture.com\/blog\/wp-content\/uploads\/2015\/07\/Avatare_RBhome_Isa.png 330w\" sizes=\"auto, (max-width: 157px) 100vw, 157px\" \/><\/a>\u00a0Isabel &#8211; Schauspielerin, Autorin<\/strong><\/p>\n<p>Schauspielerin, Wortakrobatin, Poetin, Kommunikationstalent.<\/p>\n<p><a href=\"mailto:isabel@iffy-studio.de\"><img loading=\"lazy\" decoding=\"async\" class=\"alignnone wp-image-3554\" src=\"https:\/\/www.redbug-culture.com\/blog\/wp-content\/uploads\/2015\/09\/icon_mail.png\" alt=\"icon_mail\" width=\"40\" height=\"40\" srcset=\"https:\/\/www.redbug-culture.com\/blog\/wp-content\/uploads\/2015\/09\/icon_mail.png 224w, https:\/\/www.redbug-culture.com\/blog\/wp-content\/uploads\/2015\/09\/icon_mail-150x150.png 150w\" sizes=\"auto, (max-width: 40px) 100vw, 40px\" \/><\/a><\/p>\n<p>&nbsp;<\/p>\n<p>&nbsp;<\/p>\n<p><a href=\"https:\/\/www.redbug-culture.com\/blog\/wp-content\/uploads\/2014\/05\/Lukas_Avatare_4.png\"><img loading=\"lazy\" decoding=\"async\" class=\" wp-image-2211 alignleft\" src=\"https:\/\/www.redbug-culture.com\/blog\/wp-content\/uploads\/2014\/05\/Lukas_Avatare_4-300x300.png\" alt=\"Lukas_Avatare_4\" width=\"148\" height=\"148\" srcset=\"https:\/\/www.redbug-culture.com\/blog\/wp-content\/uploads\/2014\/05\/Lukas_Avatare_4-300x300.png 300w, https:\/\/www.redbug-culture.com\/blog\/wp-content\/uploads\/2014\/05\/Lukas_Avatare_4-150x150.png 150w, https:\/\/www.redbug-culture.com\/blog\/wp-content\/uploads\/2014\/05\/Lukas_Avatare_4.png 353w\" sizes=\"auto, (max-width: 148px) 100vw, 148px\" \/><\/a><strong>\u00a0Lukas &#8211;\u00a0Letterman, Autor<\/strong><\/p>\n<p>Graphik-Talent, Schriftexperte, Letter-Fan, Kommunikationsdesigner.<\/p>\n<p><a href=\"mailto:lukas@iffy-studio.de\"><img loading=\"lazy\" decoding=\"async\" class=\"alignnone wp-image-3554\" src=\"https:\/\/www.redbug-culture.com\/blog\/wp-content\/uploads\/2015\/09\/icon_mail.png\" alt=\"icon_mail\" width=\"40\" height=\"40\" srcset=\"https:\/\/www.redbug-culture.com\/blog\/wp-content\/uploads\/2015\/09\/icon_mail.png 224w, https:\/\/www.redbug-culture.com\/blog\/wp-content\/uploads\/2015\/09\/icon_mail-150x150.png 150w\" sizes=\"auto, (max-width: 40px) 100vw, 40px\" \/><\/a><\/p>\n<p>&nbsp;<\/p>\n<p>&nbsp;<\/p>\n<p><a href=\"https:\/\/www.redbug-culture.com\/blog\/das-redbug-books-team\/avatar-heino\/\" rel=\"attachment wp-att-22937\"><img loading=\"lazy\" decoding=\"async\" class=\"alignleft wp-image-22937 size-thumbnail\" title=\"Heinrich Weber\" src=\"https:\/\/www.redbug-culture.com\/blog\/wp-content\/uploads\/2021\/05\/Avatar-Heino-150x150.png\" alt=\"Heinrich Weber \" width=\"150\" height=\"150\" srcset=\"https:\/\/www.redbug-culture.com\/blog\/wp-content\/uploads\/2021\/05\/Avatar-Heino-150x150.png 150w, https:\/\/www.redbug-culture.com\/blog\/wp-content\/uploads\/2021\/05\/Avatar-Heino-300x300.png 300w, https:\/\/www.redbug-culture.com\/blog\/wp-content\/uploads\/2021\/05\/Avatar-Heino.png 353w\" sizes=\"auto, (max-width: 150px) 100vw, 150px\" \/><\/a><\/p>\n<p><strong>Heino &#8211; Podcaster<\/strong><\/p>\n<p>Wortjongleur, Theatermacher, Europ\u00e4ischer Medienwissenschaftler i.A.<\/p>\n<p><a href=\"mailto:mail@redbugbooks.com\"><img loading=\"lazy\" decoding=\"async\" class=\"alignnone wp-image-3554\" src=\"https:\/\/www.redbug-culture.com\/blog\/wp-content\/uploads\/2015\/09\/icon_mail.png\" alt=\"icon_mail\" width=\"40\" height=\"40\" srcset=\"https:\/\/www.redbug-culture.com\/blog\/wp-content\/uploads\/2015\/09\/icon_mail.png 224w, https:\/\/www.redbug-culture.com\/blog\/wp-content\/uploads\/2015\/09\/icon_mail-150x150.png 150w\" sizes=\"auto, (max-width: 40px) 100vw, 40px\" \/><\/a><\/p>\n<p>&nbsp;<\/p>\n","protected":false},"excerpt":{"rendered":"<p>Unser Team &#8230; ist klein, st\u00e4ndig in Bewegung, aber jederzeit zu erreichen. Wenn du Fragen zu unserem Blog oder eine der Kategorien hast, dann maile uns gerne. &nbsp; Uwe &#8211; Bildhauer, Autor K\u00fcnstler, Epub &amp; Website-Experte, Bildhauer, preisgekr\u00f6nter Lyriker, Graphic-Novelist. K\u00fcnstler- und Autorenwebsite. &nbsp; &nbsp; Katrin &#8211; K\u00fcnstlerin, Autorin K\u00fcnstlerin, Schriftstellerin, Bloggerin, Cover-Expertin, Social-Media-Fan. Websites:Als Autorin. Als K\u00fcnstlerin. &nbsp; &nbsp; \u00a0Isabel &#8211; Schauspielerin, Autorin Schauspielerin, Wortakrobatin, Poetin, Kommunikationstalent. &nbsp; &nbsp; \u00a0Lukas &#8211;\u00a0Letterman, Autor Graphik-Talent, Schriftexperte, Letter-Fan, Kommunikationsdesigner. &nbsp; &nbsp; Heino &#8211; Podcaster Wortjongleur, Theatermacher, Europ\u00e4ischer Medienwissenschaftler i.A. &nbsp;<\/p>\n","protected":false},"author":7,"featured_media":0,"parent":0,"menu_order":0,"comment_status":"open","ping_status":"open","template":"page-fullwidth.php","meta":{"footnotes":"","_links_to":"","_links_to_target":""},"class_list":["post-3550","page","type-page","status-publish","hentry"],"yoast_head":"<!-- This site is optimized with the Yoast SEO plugin v27.3 - https:\/\/yoast.com\/product\/yoast-seo-wordpress\/ -->\n<title>Das Team - Red Bug Culture - Schreiben, Ver\u00f6ffentlichen, Kurse<\/title>\n<meta name=\"description\" content=\"Heydo, wir freuen uns, dass Du Interesse an unserem Team hast. Du kannst jeden von uns jederzeit per Mail ansprechen. Wir freuen uns \u00fcber Anregungen :)\" \/>\n<meta name=\"robots\" content=\"index, follow, max-snippet:-1, max-image-preview:large, max-video-preview:-1\" \/>\n<link rel=\"canonical\" href=\"https:\/\/www.redbug-culture.com\/blog\/das-redbug-books-team\/\" \/>\n<meta property=\"og:locale\" content=\"de_DE\" \/>\n<meta property=\"og:type\" content=\"article\" \/>\n<meta property=\"og:title\" content=\"Das Team - Red Bug Culture - Schreiben, Ver\u00f6ffentlichen, Kurse\" \/>\n<meta property=\"og:description\" content=\"Heydo, wir freuen uns, dass Du Interesse an unserem Team hast. Du kannst jeden von uns jederzeit per Mail ansprechen. Wir freuen uns \u00fcber Anregungen :)\" \/>\n<meta property=\"og:url\" content=\"https:\/\/www.redbug-culture.com\/blog\/das-redbug-books-team\/\" \/>\n<meta property=\"og:site_name\" content=\"Red Bug Culture - Schreiben, Ver\u00f6ffentlichen, Kurse\" \/>\n<meta property=\"article:publisher\" content=\"https:\/\/www.facebook.com\/RedBugBooks\" \/>\n<meta property=\"article:modified_time\" content=\"2024-12-28T14:43:11+00:00\" \/>\n<meta property=\"og:image\" content=\"https:\/\/www.redbug-culture.com\/blog\/wp-content\/uploads\/2021\/05\/Uwe_rund-2.png\" \/>\n\t<meta property=\"og:image:width\" content=\"353\" \/>\n\t<meta property=\"og:image:height\" content=\"353\" \/>\n\t<meta property=\"og:image:type\" content=\"image\/png\" \/>\n<meta name=\"twitter:card\" content=\"summary_large_image\" \/>\n<meta name=\"twitter:site\" content=\"@RedBugBooks\" \/>\n<meta name=\"twitter:label1\" content=\"Gesch\u00e4tzte Lesezeit\" \/>\n\t<meta name=\"twitter:data1\" content=\"3\u00a0Minuten\" \/>\n<script type=\"application\/ld+json\" class=\"yoast-schema-graph\">{\"@context\":\"https:\\\/\\\/schema.org\",\"@graph\":[{\"@type\":\"WebPage\",\"@id\":\"https:\\\/\\\/www.redbug-culture.com\\\/blog\\\/das-redbug-books-team\\\/\",\"url\":\"https:\\\/\\\/www.redbug-culture.com\\\/blog\\\/das-redbug-books-team\\\/\",\"name\":\"Das Team - Red Bug Culture - Schreiben, Ver\u00f6ffentlichen, Kurse\",\"isPartOf\":{\"@id\":\"https:\\\/\\\/www.redbug-culture.com\\\/blog\\\/#website\"},\"primaryImageOfPage\":{\"@id\":\"https:\\\/\\\/www.redbug-culture.com\\\/blog\\\/das-redbug-books-team\\\/#primaryimage\"},\"image\":{\"@id\":\"https:\\\/\\\/www.redbug-culture.com\\\/blog\\\/das-redbug-books-team\\\/#primaryimage\"},\"thumbnailUrl\":\"https:\\\/\\\/www.redbug-culture.com\\\/blog\\\/wp-content\\\/uploads\\\/2021\\\/05\\\/Uwe_rund-2-150x150.png\",\"datePublished\":\"2015-09-17T19:28:51+00:00\",\"dateModified\":\"2024-12-28T14:43:11+00:00\",\"description\":\"Heydo, wir freuen uns, dass Du Interesse an unserem Team hast. Du kannst jeden von uns jederzeit per Mail ansprechen. Wir freuen uns \u00fcber Anregungen :)\",\"breadcrumb\":{\"@id\":\"https:\\\/\\\/www.redbug-culture.com\\\/blog\\\/das-redbug-books-team\\\/#breadcrumb\"},\"inLanguage\":\"de\",\"potentialAction\":[{\"@type\":\"ReadAction\",\"target\":[\"https:\\\/\\\/www.redbug-culture.com\\\/blog\\\/das-redbug-books-team\\\/\"]}]},{\"@type\":\"ImageObject\",\"inLanguage\":\"de\",\"@id\":\"https:\\\/\\\/www.redbug-culture.com\\\/blog\\\/das-redbug-books-team\\\/#primaryimage\",\"url\":\"https:\\\/\\\/www.redbug-culture.com\\\/blog\\\/wp-content\\\/uploads\\\/2021\\\/05\\\/Uwe_rund-2.png\",\"contentUrl\":\"https:\\\/\\\/www.redbug-culture.com\\\/blog\\\/wp-content\\\/uploads\\\/2021\\\/05\\\/Uwe_rund-2.png\",\"width\":353,\"height\":353,\"caption\":\"Personal Drama Uwe Carow Red Bug Radio\"},{\"@type\":\"BreadcrumbList\",\"@id\":\"https:\\\/\\\/www.redbug-culture.com\\\/blog\\\/das-redbug-books-team\\\/#breadcrumb\",\"itemListElement\":[{\"@type\":\"ListItem\",\"position\":1,\"name\":\"Startseite\",\"item\":\"https:\\\/\\\/www.redbug-culture.com\\\/blog\\\/\"},{\"@type\":\"ListItem\",\"position\":2,\"name\":\"Das Team\"}]},{\"@type\":\"WebSite\",\"@id\":\"https:\\\/\\\/www.redbug-culture.com\\\/blog\\\/#website\",\"url\":\"https:\\\/\\\/www.redbug-culture.com\\\/blog\\\/\",\"name\":\"Red Bug Culture - Schreiben, Ver\u00f6ffentlichen, Kurse\",\"description\":\"Tipps &amp; Coaching f\u00fcr Autor:innen, Rezensionen\",\"potentialAction\":[{\"@type\":\"SearchAction\",\"target\":{\"@type\":\"EntryPoint\",\"urlTemplate\":\"https:\\\/\\\/www.redbug-culture.com\\\/blog\\\/?s={search_term_string}\"},\"query-input\":{\"@type\":\"PropertyValueSpecification\",\"valueRequired\":true,\"valueName\":\"search_term_string\"}}],\"inLanguage\":\"de\"}]}<\/script>\n<!-- \/ Yoast SEO plugin. -->","yoast_head_json":{"title":"Das Team - Red Bug Culture - Schreiben, Ver\u00f6ffentlichen, Kurse","description":"Heydo, wir freuen uns, dass Du Interesse an unserem Team hast. Du kannst jeden von uns jederzeit per Mail ansprechen. Wir freuen uns \u00fcber Anregungen :)","robots":{"index":"index","follow":"follow","max-snippet":"max-snippet:-1","max-image-preview":"max-image-preview:large","max-video-preview":"max-video-preview:-1"},"canonical":"https:\/\/www.redbug-culture.com\/blog\/das-redbug-books-team\/","og_locale":"de_DE","og_type":"article","og_title":"Das Team - Red Bug Culture - Schreiben, Ver\u00f6ffentlichen, Kurse","og_description":"Heydo, wir freuen uns, dass Du Interesse an unserem Team hast. Du kannst jeden von uns jederzeit per Mail ansprechen. Wir freuen uns \u00fcber Anregungen :)","og_url":"https:\/\/www.redbug-culture.com\/blog\/das-redbug-books-team\/","og_site_name":"Red Bug Culture - Schreiben, Ver\u00f6ffentlichen, Kurse","article_publisher":"https:\/\/www.facebook.com\/RedBugBooks","article_modified_time":"2024-12-28T14:43:11+00:00","og_image":[{"width":353,"height":353,"url":"https:\/\/www.redbug-culture.com\/blog\/wp-content\/uploads\/2021\/05\/Uwe_rund-2.png","type":"image\/png"}],"twitter_card":"summary_large_image","twitter_site":"@RedBugBooks","twitter_misc":{"Gesch\u00e4tzte Lesezeit":"3\u00a0Minuten"},"schema":{"@context":"https:\/\/schema.org","@graph":[{"@type":"WebPage","@id":"https:\/\/www.redbug-culture.com\/blog\/das-redbug-books-team\/","url":"https:\/\/www.redbug-culture.com\/blog\/das-redbug-books-team\/","name":"Das Team - Red Bug Culture - Schreiben, Ver\u00f6ffentlichen, Kurse","isPartOf":{"@id":"https:\/\/www.redbug-culture.com\/blog\/#website"},"primaryImageOfPage":{"@id":"https:\/\/www.redbug-culture.com\/blog\/das-redbug-books-team\/#primaryimage"},"image":{"@id":"https:\/\/www.redbug-culture.com\/blog\/das-redbug-books-team\/#primaryimage"},"thumbnailUrl":"https:\/\/www.redbug-culture.com\/blog\/wp-content\/uploads\/2021\/05\/Uwe_rund-2-150x150.png","datePublished":"2015-09-17T19:28:51+00:00","dateModified":"2024-12-28T14:43:11+00:00","description":"Heydo, wir freuen uns, dass Du Interesse an unserem Team hast. Du kannst jeden von uns jederzeit per Mail ansprechen. Wir freuen uns \u00fcber Anregungen :)","breadcrumb":{"@id":"https:\/\/www.redbug-culture.com\/blog\/das-redbug-books-team\/#breadcrumb"},"inLanguage":"de","potentialAction":[{"@type":"ReadAction","target":["https:\/\/www.redbug-culture.com\/blog\/das-redbug-books-team\/"]}]},{"@type":"ImageObject","inLanguage":"de","@id":"https:\/\/www.redbug-culture.com\/blog\/das-redbug-books-team\/#primaryimage","url":"https:\/\/www.redbug-culture.com\/blog\/wp-content\/uploads\/2021\/05\/Uwe_rund-2.png","contentUrl":"https:\/\/www.redbug-culture.com\/blog\/wp-content\/uploads\/2021\/05\/Uwe_rund-2.png","width":353,"height":353,"caption":"Personal Drama Uwe Carow Red Bug Radio"},{"@type":"BreadcrumbList","@id":"https:\/\/www.redbug-culture.com\/blog\/das-redbug-books-team\/#breadcrumb","itemListElement":[{"@type":"ListItem","position":1,"name":"Startseite","item":"https:\/\/www.redbug-culture.com\/blog\/"},{"@type":"ListItem","position":2,"name":"Das Team"}]},{"@type":"WebSite","@id":"https:\/\/www.redbug-culture.com\/blog\/#website","url":"https:\/\/www.redbug-culture.com\/blog\/","name":"Red Bug Culture - Schreiben, Ver\u00f6ffentlichen, Kurse","description":"Tipps &amp; Coaching f\u00fcr Autor:innen, Rezensionen","potentialAction":[{"@type":"SearchAction","target":{"@type":"EntryPoint","urlTemplate":"https:\/\/www.redbug-culture.com\/blog\/?s={search_term_string}"},"query-input":{"@type":"PropertyValueSpecification","valueRequired":true,"valueName":"search_term_string"}}],"inLanguage":"de"}]}},"_links":{"self":[{"href":"https:\/\/www.redbug-culture.com\/blog\/wp-json\/wp\/v2\/pages\/3550","targetHints":{"allow":["GET"]}}],"collection":[{"href":"https:\/\/www.redbug-culture.com\/blog\/wp-json\/wp\/v2\/pages"}],"about":[{"href":"https:\/\/www.redbug-culture.com\/blog\/wp-json\/wp\/v2\/types\/page"}],"author":[{"embeddable":true,"href":"https:\/\/www.redbug-culture.com\/blog\/wp-json\/wp\/v2\/users\/7"}],"replies":[{"embeddable":true,"href":"https:\/\/www.redbug-culture.com\/blog\/wp-json\/wp\/v2\/comments?post=3550"}],"version-history":[{"count":0,"href":"https:\/\/www.redbug-culture.com\/blog\/wp-json\/wp\/v2\/pages\/3550\/revisions"}],"wp:attachment":[{"href":"https:\/\/www.redbug-culture.com\/blog\/wp-json\/wp\/v2\/media?parent=3550"}],"curies":[{"name":"wp","href":"https:\/\/api.w.org\/{rel}","templated":true}]}}