{"id":26278,"date":"2023-03-18T13:39:09","date_gmt":"2023-03-18T12:39:09","guid":{"rendered":"https:\/\/www.redbug-culture.com\/blog\/?page_id=26278"},"modified":"2025-07-04T15:47:20","modified_gmt":"2025-07-04T13:47:20","slug":"strategiegespraech","status":"publish","type":"page","link":"https:\/\/www.redbug-culture.com\/blog\/strategiegespraech\/","title":{"rendered":"Beratungsgespr\u00e4ch (Free)"},"content":{"rendered":"<h4><span style=\"color: #eba715;\">Beratungsgespr\u00e4ch<\/span><\/h4>\n<p><em>Hallo!<\/em> Willkommen. Hier bist du richtig, wenn Du an einem kostenfreien Erst- und Beratungsgespr\u00e4ch f\u00fcr ein Schreib-Coaching oder Social-Media\/Werbe-Training f\u00fcr Autor:innen interessiert bist.<\/p>\n<p>Beantworte ein paar Fragen, damit wir genau sehen, wo Du dich gerade in deinem Schreibprozess befindest. Such dir einen passenden Termin aus, an dem Du in Ruhe mit Katrin, deiner Coachin, sprechen m\u00f6chtest. Oder Du nennst uns deinen Wunschtermin f\u00fcr ein 60-min\u00fctiges Gespr\u00e4ch (Zoom oder telefonisch).<\/p>\n<p>Keine Sorge, es wird entspannt und locker ablaufen. So finden wir gemeinsam heraus, was der n\u00e4chste und beste Schritt in deiner Schreibkarriere ist.<\/p>\n<div class=\"wpforms-container wpforms-container-full\" id=\"wpforms-26229\"><form id=\"wpforms-form-26229\" class=\"wpforms-validate wpforms-form wpforms-ajax-form\" data-formid=\"26229\" method=\"post\" enctype=\"multipart\/form-data\" action=\"\/blog\/wp-json\/wp\/v2\/pages\/26278\" data-token=\"f2a813a15e042a35cf730fcc8526fdce\" data-token-time=\"1777605965\"><noscript class=\"wpforms-error-noscript\">Bitte aktiviere JavaScript in deinem Browser, um dieses Formular fertigzustellen.<\/noscript><div class=\"wpforms-field-container\"><div id=\"wpforms-26229-field_1-container\" class=\"wpforms-field wpforms-field-checkbox\" data-field-id=\"1\"><label class=\"wpforms-field-label\">Was f\u00fcr ein Buch m\u00f6chtest Du schreiben?<\/label><ul id=\"wpforms-26229-field_1\"><li class=\"choice-1 depth-1\"><input type=\"checkbox\" id=\"wpforms-26229-field_1_1\" name=\"wpforms[fields][1][]\" value=\"Roman\"  ><label class=\"wpforms-field-label-inline\" for=\"wpforms-26229-field_1_1\">Roman<\/label><\/li><li class=\"choice-2 depth-1\"><input type=\"checkbox\" id=\"wpforms-26229-field_1_2\" name=\"wpforms[fields][1][]\" value=\"Sachbuch\"  ><label class=\"wpforms-field-label-inline\" for=\"wpforms-26229-field_1_2\">Sachbuch<\/label><\/li><li class=\"choice-6 depth-1\"><input type=\"checkbox\" id=\"wpforms-26229-field_1_6\" name=\"wpforms[fields][1][]\" value=\"Expertenbuch\"  ><label class=\"wpforms-field-label-inline\" for=\"wpforms-26229-field_1_6\">Expertenbuch<\/label><\/li><li class=\"choice-3 depth-1\"><input type=\"checkbox\" id=\"wpforms-26229-field_1_3\" name=\"wpforms[fields][1][]\" value=\"Autobiografie\"  ><label class=\"wpforms-field-label-inline\" for=\"wpforms-26229-field_1_3\">Autobiografie<\/label><\/li><li class=\"choice-4 depth-1\"><input type=\"checkbox\" id=\"wpforms-26229-field_1_4\" name=\"wpforms[fields][1][]\" value=\"Jugend\/Kinderbuch\"  ><label class=\"wpforms-field-label-inline\" for=\"wpforms-26229-field_1_4\">Jugend\/Kinderbuch<\/label><\/li><li class=\"choice-5 depth-1\"><input type=\"checkbox\" id=\"wpforms-26229-field_1_5\" name=\"wpforms[fields][1][]\" value=\"Anderes\"  ><label class=\"wpforms-field-label-inline\" for=\"wpforms-26229-field_1_5\">Anderes<\/label><\/li><\/ul><\/div><div id=\"wpforms-26229-field_2-container\" class=\"wpforms-field wpforms-field-checkbox\" data-field-id=\"2\"><label class=\"wpforms-field-label\">Wie viel Schreiberfahrung hast Du?<\/label><ul id=\"wpforms-26229-field_2\"><li class=\"choice-1 depth-1\"><input type=\"checkbox\" id=\"wpforms-26229-field_2_1\" name=\"wpforms[fields][2][]\" value=\"Keine\"  ><label class=\"wpforms-field-label-inline\" for=\"wpforms-26229-field_2_1\">Keine<\/label><\/li><li class=\"choice-4 depth-1\"><input type=\"checkbox\" id=\"wpforms-26229-field_2_4\" name=\"wpforms[fields][2][]\" value=\"Ich betreibe einen Blog\"  ><label class=\"wpforms-field-label-inline\" for=\"wpforms-26229-field_2_4\">Ich betreibe einen Blog<\/label><\/li><li class=\"choice-2 depth-1\"><input type=\"checkbox\" id=\"wpforms-26229-field_2_2\" name=\"wpforms[fields][2][]\" value=\"Ich habe ein Buch begonnen\"  ><label class=\"wpforms-field-label-inline\" for=\"wpforms-26229-field_2_2\">Ich habe ein Buch begonnen<\/label><\/li><li class=\"choice-3 depth-1\"><input type=\"checkbox\" id=\"wpforms-26229-field_2_3\" name=\"wpforms[fields][2][]\" value=\"Ich habe schon ein Buch geschrieben\"  ><label class=\"wpforms-field-label-inline\" for=\"wpforms-26229-field_2_3\">Ich habe schon ein Buch geschrieben<\/label><\/li><li class=\"choice-5 depth-1\"><input type=\"checkbox\" id=\"wpforms-26229-field_2_5\" name=\"wpforms[fields][2][]\" value=\"Ich habe mehr als ein Buch geschrieben\"  ><label class=\"wpforms-field-label-inline\" for=\"wpforms-26229-field_2_5\">Ich habe mehr als ein Buch geschrieben<\/label><\/li><\/ul><\/div><div id=\"wpforms-26229-field_4-container\" class=\"wpforms-field wpforms-field-checkbox\" data-field-id=\"4\"><label class=\"wpforms-field-label\">An wen richtet sich dein Buch?<\/label><ul id=\"wpforms-26229-field_4\"><li class=\"choice-1 depth-1\"><input type=\"checkbox\" id=\"wpforms-26229-field_4_1\" name=\"wpforms[fields][4][]\" value=\"Erwachsene\"  ><label class=\"wpforms-field-label-inline\" for=\"wpforms-26229-field_4_1\">Erwachsene<\/label><\/li><li class=\"choice-2 depth-1\"><input type=\"checkbox\" id=\"wpforms-26229-field_4_2\" name=\"wpforms[fields][4][]\" value=\"Junge Erwachsene\"  ><label class=\"wpforms-field-label-inline\" for=\"wpforms-26229-field_4_2\">Junge Erwachsene<\/label><\/li><li class=\"choice-3 depth-1\"><input type=\"checkbox\" id=\"wpforms-26229-field_4_3\" name=\"wpforms[fields][4][]\" value=\"Kinder und Jugendliche\"  ><label class=\"wpforms-field-label-inline\" for=\"wpforms-26229-field_4_3\">Kinder und Jugendliche<\/label><\/li><\/ul><\/div><div id=\"wpforms-26229-field_10-container\" class=\"wpforms-field wpforms-field-text\" data-field-id=\"10\"><label class=\"wpforms-field-label\" for=\"wpforms-26229-field_10\">Wie viel Zeit m\u00f6chtest Du w\u00f6chentlich in dein Schreibprojekt investieren?<\/label><input type=\"text\" id=\"wpforms-26229-field_10\" class=\"wpforms-field-medium\" name=\"wpforms[fields][10]\" ><\/div><div id=\"wpforms-26229-field_9-container\" class=\"wpforms-field wpforms-field-radio\" data-field-id=\"9\"><label class=\"wpforms-field-label\">Wie viel Erfahrung hast Du im Ver\u00f6ffentlichen?<\/label><ul id=\"wpforms-26229-field_9\"><li class=\"choice-1 depth-1\"><input type=\"radio\" id=\"wpforms-26229-field_9_1\" name=\"wpforms[fields][9]\" value=\"Keine\"  ><label class=\"wpforms-field-label-inline\" for=\"wpforms-26229-field_9_1\">Keine<\/label><\/li><li class=\"choice-2 depth-1\"><input type=\"radio\" id=\"wpforms-26229-field_9_2\" name=\"wpforms[fields][9]\" value=\"Selfpublishing\"  ><label class=\"wpforms-field-label-inline\" for=\"wpforms-26229-field_9_2\">Selfpublishing<\/label><\/li><li class=\"choice-3 depth-1\"><input type=\"radio\" id=\"wpforms-26229-field_9_3\" name=\"wpforms[fields][9]\" value=\"Ver\u00f6ffentlichung in einem kleinen Verlag\"  ><label class=\"wpforms-field-label-inline\" for=\"wpforms-26229-field_9_3\">Ver\u00f6ffentlichung in einem kleinen Verlag<\/label><\/li><li class=\"choice-4 depth-1\"><input type=\"radio\" id=\"wpforms-26229-field_9_4\" name=\"wpforms[fields][9]\" value=\"Ver\u00f6ffentlichung in einem gro\u00dfen Verlag\"  ><label class=\"wpforms-field-label-inline\" for=\"wpforms-26229-field_9_4\">Ver\u00f6ffentlichung in einem gro\u00dfen Verlag<\/label><\/li><\/ul><\/div><div id=\"wpforms-26229-field_11-container\" class=\"wpforms-field wpforms-field-checkbox\" data-field-id=\"11\"><label class=\"wpforms-field-label\">Suchst Du Unterst\u00fctzung bei Social Media &amp; Werbung?<\/label><ul id=\"wpforms-26229-field_11\"><li class=\"choice-1 depth-1\"><input type=\"checkbox\" id=\"wpforms-26229-field_11_1\" name=\"wpforms[fields][11][]\" value=\"Ja\"  ><label class=\"wpforms-field-label-inline\" for=\"wpforms-26229-field_11_1\">Ja<\/label><\/li><li class=\"choice-2 depth-1\"><input type=\"checkbox\" id=\"wpforms-26229-field_11_2\" name=\"wpforms[fields][11][]\" value=\"Nein\"  ><label class=\"wpforms-field-label-inline\" for=\"wpforms-26229-field_11_2\">Nein<\/label><\/li><\/ul><\/div><div id=\"wpforms-26229-field_6-container\" class=\"wpforms-field wpforms-field-radio\" data-field-id=\"6\"><label class=\"wpforms-field-label\">Such dir einen Termin f\u00fcr ein Beratungsgespr\u00e4ch aus:<\/label><ul id=\"wpforms-26229-field_6\"><li class=\"choice-17 depth-1\"><input type=\"radio\" id=\"wpforms-26229-field_6_17\" name=\"wpforms[fields][6]\" value=\"Mi 29. April 2026 13.00 Uhr\"  ><label class=\"wpforms-field-label-inline\" for=\"wpforms-26229-field_6_17\">Mi 29. April 2026 13.00 Uhr<\/label><\/li><li class=\"choice-14 depth-1\"><input type=\"radio\" id=\"wpforms-26229-field_6_14\" name=\"wpforms[fields][6]\" value=\"Mo 4. Mai 2026 11.00 Uhr\"  ><label class=\"wpforms-field-label-inline\" for=\"wpforms-26229-field_6_14\">Mo 4. Mai 2026 11.00 Uhr<\/label><\/li><li class=\"choice-9 depth-1\"><input type=\"radio\" id=\"wpforms-26229-field_6_9\" name=\"wpforms[fields][6]\" value=\"Di 5. Mai 2026 12.00 Uhr\"  ><label class=\"wpforms-field-label-inline\" for=\"wpforms-26229-field_6_9\">Di 5. Mai 2026 12.00 Uhr<\/label><\/li><li class=\"choice-7 depth-1\"><input type=\"radio\" id=\"wpforms-26229-field_6_7\" name=\"wpforms[fields][6]\" value=\"Mi 13. Mai 2026 13:00 Uhr\"  ><label class=\"wpforms-field-label-inline\" for=\"wpforms-26229-field_6_7\">Mi 13. Mai 2026 13:00 Uhr<\/label><\/li><li class=\"choice-1 depth-1\"><input type=\"radio\" id=\"wpforms-26229-field_6_1\" name=\"wpforms[fields][6]\" value=\"Fr 15. Mai 2026 19:00 Uhr\"  ><label class=\"wpforms-field-label-inline\" for=\"wpforms-26229-field_6_1\">Fr 15. Mai 2026 19:00 Uhr<\/label><\/li><li class=\"choice-6 depth-1\"><input type=\"radio\" id=\"wpforms-26229-field_6_6\" name=\"wpforms[fields][6]\" value=\"Sa 16. Mai 2026 19:00 Uhr\"  ><label class=\"wpforms-field-label-inline\" for=\"wpforms-26229-field_6_6\">Sa 16. Mai 2026 19:00 Uhr<\/label><\/li><li class=\"choice-19 depth-1\"><input type=\"radio\" id=\"wpforms-26229-field_6_19\" name=\"wpforms[fields][6]\" value=\"Do 21. Mai 2026 11.00 Uhr\"  ><label class=\"wpforms-field-label-inline\" for=\"wpforms-26229-field_6_19\">Do 21. Mai 2026 11.00 Uhr<\/label><\/li><li class=\"choice-11 depth-1\"><input type=\"radio\" id=\"wpforms-26229-field_6_11\" name=\"wpforms[fields][6]\" value=\"Di 26. Mai 2026 14.00 Uhr\"  ><label class=\"wpforms-field-label-inline\" for=\"wpforms-26229-field_6_11\">Di 26. Mai 2026 14.00 Uhr<\/label><\/li><li class=\"choice-13 depth-1\"><input type=\"radio\" id=\"wpforms-26229-field_6_13\" name=\"wpforms[fields][6]\" value=\"Mi 27. Mai 2026 11.00 Uhr\"  ><label class=\"wpforms-field-label-inline\" for=\"wpforms-26229-field_6_13\">Mi 27. Mai 2026 11.00 Uhr<\/label><\/li><li class=\"choice-18 depth-1\"><input type=\"radio\" id=\"wpforms-26229-field_6_18\" name=\"wpforms[fields][6]\" value=\"Sa 30. Mai 2026 12.00 Uhr\"  ><label class=\"wpforms-field-label-inline\" for=\"wpforms-26229-field_6_18\">Sa 30. Mai 2026 12.00 Uhr<\/label><\/li><li class=\"choice-8 depth-1\"><input type=\"radio\" id=\"wpforms-26229-field_6_8\" name=\"wpforms[fields][6]\" value=\"Termin nach R\u00fccksprache per Mail\"  ><label class=\"wpforms-field-label-inline\" for=\"wpforms-26229-field_6_8\">Termin nach R\u00fccksprache per Mail<\/label><\/li><\/ul><\/div><div id=\"wpforms-26229-field_7-container\" class=\"wpforms-field wpforms-field-name\" data-field-id=\"7\"><label class=\"wpforms-field-label\">Wie bist Du zu erreichen? <span class=\"wpforms-required-label\">*<\/span><\/label><div class=\"wpforms-field-row wpforms-field-medium\"><div class=\"wpforms-field-row-block wpforms-first wpforms-one-half\"><input type=\"text\" id=\"wpforms-26229-field_7\" class=\"wpforms-field-name-first wpforms-field-required\" name=\"wpforms[fields][7][first]\" required><label for=\"wpforms-26229-field_7\" class=\"wpforms-field-sublabel after\">Vorname<\/label><\/div><div class=\"wpforms-field-row-block wpforms-one-half\"><input type=\"text\" id=\"wpforms-26229-field_7-last\" class=\"wpforms-field-name-last wpforms-field-required\" name=\"wpforms[fields][7][last]\" required><label for=\"wpforms-26229-field_7-last\" class=\"wpforms-field-sublabel after\">Nachname<\/label><\/div><\/div><\/div><div id=\"wpforms-26229-field_8-container\" class=\"wpforms-field wpforms-field-email\" data-field-id=\"8\"><label class=\"wpforms-field-label\" for=\"wpforms-26229-field_8\">E-Mail <span class=\"wpforms-required-label\">*<\/span><\/label><input type=\"email\" id=\"wpforms-26229-field_8\" class=\"wpforms-field-medium wpforms-field-required\" name=\"wpforms[fields][8]\" spellcheck=\"false\" required><\/div><\/div><!-- .wpforms-field-container --><div class=\"wpforms-submit-container\" ><input type=\"hidden\" name=\"wpforms[id]\" value=\"26229\"><input type=\"hidden\" name=\"page_title\" value=\"\"><input type=\"hidden\" name=\"page_url\" value=\"https:\/\/www.redbug-culture.com\/blog\/wp-json\/wp\/v2\/pages\/26278\"><input type=\"hidden\" name=\"url_referer\" value=\"\"><button type=\"submit\" name=\"wpforms[submit]\" id=\"wpforms-submit-26229\" class=\"wpforms-submit\" data-alt-text=\"Senden\u2026\" data-submit-text=\"Jetzt vereinbaren\" aria-live=\"assertive\" value=\"wpforms-submit\">Jetzt vereinbaren<\/button><img loading=\"lazy\" decoding=\"async\" src=\"https:\/\/www.redbug-culture.com\/blog\/wp-content\/plugins\/wpforms-lite\/assets\/images\/submit-spin.svg\" class=\"wpforms-submit-spinner\" style=\"display: none;\" width=\"26\" height=\"26\" alt=\"Wird geladen\"><\/div><\/form><\/div>  <!-- .wpforms-container -->\n<p>&nbsp;<\/p>\n","protected":false},"excerpt":{"rendered":"<p>Beratungsgespr\u00e4ch Hallo! Willkommen. Hier bist du richtig, wenn Du an einem kostenfreien Erst- und Beratungsgespr\u00e4ch f\u00fcr ein Schreib-Coaching oder Social-Media\/Werbe-Training f\u00fcr Autor:innen interessiert bist. Beantworte ein paar Fragen, damit wir genau sehen, wo Du dich gerade in deinem Schreibprozess befindest. Such dir einen passenden Termin aus, an dem Du in Ruhe mit Katrin, deiner Coachin, sprechen m\u00f6chtest. Oder Du nennst uns deinen Wunschtermin f\u00fcr ein 60-min\u00fctiges Gespr\u00e4ch (Zoom oder telefonisch). Keine Sorge, es wird entspannt und locker ablaufen. So finden wir gemeinsam heraus, was der n\u00e4chste und beste Schritt in deiner Schreibkarriere ist. &nbsp;<\/p>\n","protected":false},"author":7,"featured_media":0,"parent":0,"menu_order":0,"comment_status":"closed","ping_status":"closed","template":"page-fullwidth.php","meta":{"footnotes":"","_links_to":"","_links_to_target":""},"class_list":["post-26278","page","type-page","status-publish","hentry"],"yoast_head":"<!-- This site is optimized with the Yoast SEO plugin v27.4 - https:\/\/yoast.com\/product\/yoast-seo-wordpress\/ -->\n<title>Beratungsgespr\u00e4ch (Free) - Red Bug Culture - Schreiben, Ver\u00f6ffentlichen, Kurse<\/title>\n<meta name=\"description\" content=\"Hier geht es zum Beratungsgespr\u00e4ch. Du m\u00f6chtest wissen, ob unser Schreibkurs Expos\u00e9 etwas f\u00fcr dich ist? Dann bewirb dich um\" \/>\n<meta name=\"robots\" content=\"index, follow, max-snippet:-1, max-image-preview:large, max-video-preview:-1\" \/>\n<link rel=\"canonical\" href=\"https:\/\/www.redbug-culture.com\/blog\/strategiegespraech\/\" \/>\n<meta property=\"og:locale\" content=\"de_DE\" \/>\n<meta property=\"og:type\" content=\"article\" \/>\n<meta property=\"og:title\" content=\"Beratungsgespr\u00e4ch (Free) - Red Bug Culture - Schreiben, Ver\u00f6ffentlichen, Kurse\" \/>\n<meta property=\"og:description\" content=\"Hier geht es zum Beratungsgespr\u00e4ch. Du m\u00f6chtest wissen, ob unser Schreibkurs Expos\u00e9 etwas f\u00fcr dich ist? Dann bewirb dich um\" \/>\n<meta property=\"og:url\" content=\"https:\/\/www.redbug-culture.com\/blog\/strategiegespraech\/\" \/>\n<meta property=\"og:site_name\" content=\"Red Bug Culture - Schreiben, Ver\u00f6ffentlichen, Kurse\" \/>\n<meta property=\"article:publisher\" content=\"https:\/\/www.facebook.com\/RedBugBooks\" \/>\n<meta property=\"article:modified_time\" content=\"2025-07-04T13:47:20+00:00\" \/>\n<meta name=\"twitter:card\" content=\"summary_large_image\" \/>\n<meta name=\"twitter:site\" content=\"@RedBugBooks\" \/>\n<meta name=\"twitter:label1\" content=\"Gesch\u00e4tzte Lesezeit\" \/>\n\t<meta name=\"twitter:data1\" content=\"1\u00a0Minute\" \/>\n<script type=\"application\/ld+json\" class=\"yoast-schema-graph\">{\"@context\":\"https:\\\/\\\/schema.org\",\"@graph\":[{\"@type\":\"WebPage\",\"@id\":\"https:\\\/\\\/www.redbug-culture.com\\\/blog\\\/strategiegespraech\\\/\",\"url\":\"https:\\\/\\\/www.redbug-culture.com\\\/blog\\\/strategiegespraech\\\/\",\"name\":\"Beratungsgespr\u00e4ch (Free) - Red Bug Culture - Schreiben, Ver\u00f6ffentlichen, Kurse\",\"isPartOf\":{\"@id\":\"https:\\\/\\\/www.redbug-culture.com\\\/blog\\\/#website\"},\"datePublished\":\"2023-03-18T12:39:09+00:00\",\"dateModified\":\"2025-07-04T13:47:20+00:00\",\"description\":\"Hier geht es zum Beratungsgespr\u00e4ch. Du m\u00f6chtest wissen, ob unser Schreibkurs Expos\u00e9 etwas f\u00fcr dich ist? Dann bewirb dich um\",\"breadcrumb\":{\"@id\":\"https:\\\/\\\/www.redbug-culture.com\\\/blog\\\/strategiegespraech\\\/#breadcrumb\"},\"inLanguage\":\"de\",\"potentialAction\":[{\"@type\":\"ReadAction\",\"target\":[\"https:\\\/\\\/www.redbug-culture.com\\\/blog\\\/strategiegespraech\\\/\"]}]},{\"@type\":\"BreadcrumbList\",\"@id\":\"https:\\\/\\\/www.redbug-culture.com\\\/blog\\\/strategiegespraech\\\/#breadcrumb\",\"itemListElement\":[{\"@type\":\"ListItem\",\"position\":1,\"name\":\"Startseite\",\"item\":\"https:\\\/\\\/www.redbug-culture.com\\\/blog\\\/\"},{\"@type\":\"ListItem\",\"position\":2,\"name\":\"Beratungsgespr\u00e4ch (Free)\"}]},{\"@type\":\"WebSite\",\"@id\":\"https:\\\/\\\/www.redbug-culture.com\\\/blog\\\/#website\",\"url\":\"https:\\\/\\\/www.redbug-culture.com\\\/blog\\\/\",\"name\":\"Red Bug Culture - Schreiben, Ver\u00f6ffentlichen, Kurse\",\"description\":\"Tipps &amp; Coaching f\u00fcr Autor:innen, Rezensionen\",\"potentialAction\":[{\"@type\":\"SearchAction\",\"target\":{\"@type\":\"EntryPoint\",\"urlTemplate\":\"https:\\\/\\\/www.redbug-culture.com\\\/blog\\\/?s={search_term_string}\"},\"query-input\":{\"@type\":\"PropertyValueSpecification\",\"valueRequired\":true,\"valueName\":\"search_term_string\"}}],\"inLanguage\":\"de\"}]}<\/script>\n<!-- \/ Yoast SEO plugin. -->","yoast_head_json":{"title":"Beratungsgespr\u00e4ch (Free) - Red Bug Culture - Schreiben, Ver\u00f6ffentlichen, Kurse","description":"Hier geht es zum Beratungsgespr\u00e4ch. Du m\u00f6chtest wissen, ob unser Schreibkurs Expos\u00e9 etwas f\u00fcr dich ist? Dann bewirb dich um","robots":{"index":"index","follow":"follow","max-snippet":"max-snippet:-1","max-image-preview":"max-image-preview:large","max-video-preview":"max-video-preview:-1"},"canonical":"https:\/\/www.redbug-culture.com\/blog\/strategiegespraech\/","og_locale":"de_DE","og_type":"article","og_title":"Beratungsgespr\u00e4ch (Free) - Red Bug Culture - Schreiben, Ver\u00f6ffentlichen, Kurse","og_description":"Hier geht es zum Beratungsgespr\u00e4ch. Du m\u00f6chtest wissen, ob unser Schreibkurs Expos\u00e9 etwas f\u00fcr dich ist? Dann bewirb dich um","og_url":"https:\/\/www.redbug-culture.com\/blog\/strategiegespraech\/","og_site_name":"Red Bug Culture - Schreiben, Ver\u00f6ffentlichen, Kurse","article_publisher":"https:\/\/www.facebook.com\/RedBugBooks","article_modified_time":"2025-07-04T13:47:20+00:00","twitter_card":"summary_large_image","twitter_site":"@RedBugBooks","twitter_misc":{"Gesch\u00e4tzte Lesezeit":"1\u00a0Minute"},"schema":{"@context":"https:\/\/schema.org","@graph":[{"@type":"WebPage","@id":"https:\/\/www.redbug-culture.com\/blog\/strategiegespraech\/","url":"https:\/\/www.redbug-culture.com\/blog\/strategiegespraech\/","name":"Beratungsgespr\u00e4ch (Free) - Red Bug Culture - Schreiben, Ver\u00f6ffentlichen, Kurse","isPartOf":{"@id":"https:\/\/www.redbug-culture.com\/blog\/#website"},"datePublished":"2023-03-18T12:39:09+00:00","dateModified":"2025-07-04T13:47:20+00:00","description":"Hier geht es zum Beratungsgespr\u00e4ch. Du m\u00f6chtest wissen, ob unser Schreibkurs Expos\u00e9 etwas f\u00fcr dich ist? Dann bewirb dich um","breadcrumb":{"@id":"https:\/\/www.redbug-culture.com\/blog\/strategiegespraech\/#breadcrumb"},"inLanguage":"de","potentialAction":[{"@type":"ReadAction","target":["https:\/\/www.redbug-culture.com\/blog\/strategiegespraech\/"]}]},{"@type":"BreadcrumbList","@id":"https:\/\/www.redbug-culture.com\/blog\/strategiegespraech\/#breadcrumb","itemListElement":[{"@type":"ListItem","position":1,"name":"Startseite","item":"https:\/\/www.redbug-culture.com\/blog\/"},{"@type":"ListItem","position":2,"name":"Beratungsgespr\u00e4ch (Free)"}]},{"@type":"WebSite","@id":"https:\/\/www.redbug-culture.com\/blog\/#website","url":"https:\/\/www.redbug-culture.com\/blog\/","name":"Red Bug Culture - Schreiben, Ver\u00f6ffentlichen, Kurse","description":"Tipps &amp; Coaching f\u00fcr Autor:innen, Rezensionen","potentialAction":[{"@type":"SearchAction","target":{"@type":"EntryPoint","urlTemplate":"https:\/\/www.redbug-culture.com\/blog\/?s={search_term_string}"},"query-input":{"@type":"PropertyValueSpecification","valueRequired":true,"valueName":"search_term_string"}}],"inLanguage":"de"}]}},"_links":{"self":[{"href":"https:\/\/www.redbug-culture.com\/blog\/wp-json\/wp\/v2\/pages\/26278","targetHints":{"allow":["GET"]}}],"collection":[{"href":"https:\/\/www.redbug-culture.com\/blog\/wp-json\/wp\/v2\/pages"}],"about":[{"href":"https:\/\/www.redbug-culture.com\/blog\/wp-json\/wp\/v2\/types\/page"}],"author":[{"embeddable":true,"href":"https:\/\/www.redbug-culture.com\/blog\/wp-json\/wp\/v2\/users\/7"}],"replies":[{"embeddable":true,"href":"https:\/\/www.redbug-culture.com\/blog\/wp-json\/wp\/v2\/comments?post=26278"}],"version-history":[{"count":0,"href":"https:\/\/www.redbug-culture.com\/blog\/wp-json\/wp\/v2\/pages\/26278\/revisions"}],"wp:attachment":[{"href":"https:\/\/www.redbug-culture.com\/blog\/wp-json\/wp\/v2\/media?parent=26278"}],"curies":[{"name":"wp","href":"https:\/\/api.w.org\/{rel}","templated":true}]}}